{"id":21,"date":"2017-11-16T11:17:02","date_gmt":"2017-11-16T11:17:02","guid":{"rendered":"http:\/\/audiesa.com\/?page_id=21"},"modified":"2017-11-16T11:18:10","modified_gmt":"2017-11-16T11:18:10","slug":"servicios","status":"publish","type":"page","link":"http:\/\/audiesa.com\/?page_id=21","title":{"rendered":"Servicios"},"content":{"rendered":"<p>En la actualidad, y de forma concreta pero no cerrada, AUDIESA desarrolla su actividad en las siguientes \u00e1reas:<\/p>\n<p>Auditor\u00eda de Cuentas Anuales y todos aquellos trabajos realizados al amparo de la Ley de Auditor\u00eda de Cuentas en su redacci\u00f3n dada por la Ley 22\/2015, de 20 de julio.<\/p>\n<ul>\n<li>Asesoramiento contable.<\/li>\n<li>Asesoramiento tributario.<\/li>\n<li>Consultor\u00eda Econ\u00f3mico Financiera.<\/li>\n<li>Consultor\u00eda Organizativa y definici\u00f3n de organigramas de funciones y responsabilidades en la empresa.<\/li>\n<li>Asesoramiento en operaciones de compra venta de sociedades (Due Diligence).<\/li>\n<li>Realizaci\u00f3n de certificaciones justificativas a los efectos de cumplimiento de condiciones en expedientes de subvenciones.<\/li>\n<li>Realizaci\u00f3n de informes periciales en el \u00e1mbito contable y econ\u00f3mico a requerimiento de parte o de la Administraci\u00f3n Judicial en sus jurisdicciones civil, mercantil o penal.<\/li>\n<li>Realizaci\u00f3n de informes de valoraci\u00f3n de empresas.<\/li>\n<li>Planificaci\u00f3n del funcionamiento y sucesi\u00f3n de la empresa familiar.<\/li>\n<li>Impartici\u00f3n de charlas, seminarios y cursos.<\/li>\n<\/ul>\n","protected":false},"excerpt":{"rendered":"<p>En la actualidad, y de forma concreta pero no cerrada, AUDIESA desarrolla su actividad en las siguientes \u00e1reas: Auditor\u00eda de Cuentas Anuales y todos aquellos trabajos realizados al amparo de la Ley de Auditor\u00eda de Cuentas en su redacci\u00f3n dada por la Ley 22\/2015, de 20 de julio. Asesoramiento contable. Asesoramiento tributario. Consultor\u00eda Econ\u00f3mico Financiera. &hellip; <\/p>\n<p class=\"link-more\"><a href=\"http:\/\/audiesa.com\/?page_id=21\" class=\"more-link\">Continuar leyendo<span class=\"screen-reader-text\"> \u00abServicios\u00bb<\/span><\/a><\/p>\n","protected":false},"author":1,"featured_media":0,"parent":0,"menu_order":0,"comment_status":"closed","ping_status":"closed","template":"","meta":{"footnotes":""},"_links":{"self":[{"href":"http:\/\/audiesa.com\/index.php?rest_route=\/wp\/v2\/pages\/21"}],"collection":[{"href":"http:\/\/audiesa.com\/index.php?rest_route=\/wp\/v2\/pages"}],"about":[{"href":"http:\/\/audiesa.com\/index.php?rest_route=\/wp\/v2\/types\/page"}],"author":[{"embeddable":true,"href":"http:\/\/audiesa.com\/index.php?rest_route=\/wp\/v2\/users\/1"}],"replies":[{"embeddable":true,"href":"http:\/\/audiesa.com\/index.php?rest_route=%2Fwp%2Fv2%2Fcomments&post=21"}],"version-history":[{"count":2,"href":"http:\/\/audiesa.com\/index.php?rest_route=\/wp\/v2\/pages\/21\/revisions"}],"predecessor-version":[{"id":23,"href":"http:\/\/audiesa.com\/index.php?rest_route=\/wp\/v2\/pages\/21\/revisions\/23"}],"wp:attachment":[{"href":"http:\/\/audiesa.com\/index.php?rest_route=%2Fwp%2Fv2%2Fmedia&parent=21"}],"curies":[{"name":"wp","href":"https:\/\/api.w.org\/{rel}","templated":true}]}}